- 2*c - 1. What is the remainder when 47 is divided by d(z)?
8
What is the remainder when (-3 + 9/(-2))*-12 is divided by 350/15 - 1/3?
21
Let y = -28 + 30. Suppose -2*g = -y*n - 14, 0 = -g - 2*n - 2*n + 27. Suppose -15*m + g*m = -12. Calculate the remainder when 11 is divided by m.
2
Suppose -6*p + 24 = -0*p. Let q = p - -7. What is the remainder when q is divided by 7?
4
Let o(x) = 2*x**3 - 32*x**2 + 33*x - 10. What is the remainder when 277 is divided by o(15)?
32
Let o = -2318 + 3635. Calculate the remainder when o is divided by 24.
21
Suppose u - 5 - 17 = 0. Suppose 0*l = -l - t + 10, 3*l = t + u. Let r = 5 + l. Calculate the remainder when r is divided by 4.
1
Let j be 5*(2 + -3)*-1. Suppose -j*z + 30 = -115. What is the remainder when ((-126)/(-4))/((-12)/(-32)) is divided by z?
26
Let t be ((-12)/10)/((-4)/(-120)). Let c = t - -61. What is the remainder when c is divided by ((-12)/(-1 + -3) + -10)*-1?
4
Suppose -7*z - 1 = -15. Let x = 5 + 5. Calculate the remainder when x is divided by z.
0
Suppose 0 = -21*s + 7*s + 1484. Calculate the remainder when s is divided by 18.
16
Calculate the remainder when 8 - (25 - 5)*(-161)/28 is divided by 28.
11
Let v(s) = -7*s + 3. Let l be v(1). Let x be 22/33 - l/(-6). Suppose x = -3*o - 4*t + 3*t + 59, 5*o = -4*t + 96. What is the remainder when o is divided by 11?
9
Let z = 4 - -22. What is the remainder when 114 is divided by z?
10
Let x = -105 - -133. Let o = x + -16. What is the remainder when 12*11/(-8)*-2 is divided by o?
9
Let h(o) = 70*o + 12. Calculate the remainder when h(7) is divided by 36.
34
Suppose -y + 6*f - 4*f = 0, -3*y = f - 21. Let n = -27 + 38. Calculate the remainder when n is divided by y.
5
Suppose 2*g = 4*o + 26, 0 = 2*g - o + 2 - 40. Suppose 0 = r - 5*m - 82, -m + 32 = r - 44. What is the remainder when r is divided by g?
14
Let m(k) = k**2 + 17*k + 78. What is the remainder when 717 is divided by m(-5)?
15
Let b(k) = 4*k**2 - 5*k + 5. Let l be b(1). Calculate the remainder when 85 is divided by -4 + (l - -14) - -4.
13
What is the remainder when (1 - -1)*(-16 - -6 - -164) is divided by 52?
48
Suppose -5*m = -4*g - 144, 0 = -4*m - 33*g + 31*g + 110. Calculate the remainder when m is divided by 10.
8
Let d = -26 - -22. Suppose 0 = -3*m - 2*y - 3*y - 2, -m + 3*y = -18. Calculate the remainder when m/d + (-870)/(-12) is divided by 24.
23
Suppose -35 = -8*j + 165. What is the remainder when 2/(-2)*(-291)/3 is divided by j?
22
Let b(f) = -1. Let x(v) = 4*v + 8. Let n(y) = 3*b(y) - x(y). What is the remainder when 31 is divided by n(-7)?
14
Let c = 1543 - 1480. Calculate the remainder when c is divided by 27.
9
Suppose -1014 = 306*w - 319*w. Calculate the remainder when w is divided by 16.
14
Suppose 3*d - 57 = -3. Let u(w) = w - 30. Let g be u(17). Let t(i) = i**3 + 12*i**2 - 17*i. Calculate the remainder when t(g) is divided by d.
16
Let g(r) = -r - 7. Suppose 1 - 31 = 5*h. Let u be g(h). Let y = 9 - u. Calculate the remainder when y is divided by 7.
3
Calculate the remainder when ((-1)/((-1)/(-26)))/(-1) is divided by ((-246)/(-328))/((-6)/(-80)).
6
Suppose 0 = -36*h + 35*h + 5. Suppose -h*y - 6*y = -242. Calculate the remainder when y is divided by 7.
1
Suppose 0 = -0*a - a. Suppose a = -r - 3*r + 32. Suppose -6 = c + l, 72 = -7*l - l. Calculate the remainder when r is divided by c.
2
Suppose -45 = -12*c + 3. Let d(u) = u**2 - 3. Let b be d(3). Suppose -2*r - b = -c*r. Calculate the remainder when r is divided by 1.
0
Let x(o) = -2*o**3 + 12*o**2 - 5*o - 14. Calculate the remainder when 41 is divided by x(5).
8
Let b be (-8)/(-3) - (-3)/9. Suppose 2*s - 1 = -2*q - 5, -b*q = 5*s + 10. Calculate the remainder when 5 is divided by 4/8 + (-5)/s.
2
Suppose 170 = 2*a + 2*d, -a + 2*d = -0*a - 73. Let x(y) = 16*y**3 - 7*y**2 + 5*y. What is the remainder when a is divided by x(1)?
11
Let h(g) = -57*g - 11. Let d(w) = 28*w + 5. Let z(k) = -7*d(k) - 3*h(k). Calculate the remainder when z(-6) is divided by 38.
34
Suppose -5*z - 2*z = -378. Suppose 12 - z = -7*j. Calculate the remainder when 17 is divided by j.
5
Let h(y) = -y**3 + 6*y**2 - 3*y - 6. Let l be h(5). Suppose 2 = 2*m - l. Calculate the remainder when 7 is divided by m.
1
Suppose -3*x = -844 + 730. Calculate the remainder when x is divided by 2/(-5) + (-134)/(-10).
12
Suppose 5*x - x = -44. Let l(k) = k + 7. Let d be l(x). Let c(w) = w**2 - 2*w + 3. Calculate the remainder when c(d) is divided by 7.
6
Suppose -w + 2*x = -11 - 12, -3*w + 85 = -2*x. Suppose 2*f + 70 = 7*f - 5*q, w = 2*f - 3*q. Calculate the remainder when f is divided by 4.
3
Let w = 11 - -10. Calculate the remainder when -2*(318/(-12) - -6) is divided by w.
20
Let s(w) be the third derivative of w**5/15 - w**3/6 + 2*w**2. Suppose -16 + 7 = 9*b. Calculate the remainder when s(b) is divided by 2.
1
Let q(x) = x + 7. Calculate the remainder when (-6)/(-45) + (-1074)/(-45) is divided by q(6).
11
Suppose 0 = 5*i - 28 - 2. Suppose -7*t + i = -4*t. Calculate the remainder when 20 is divided by 11/t + 2/4.
2
Suppose -5*y = 2*y. Suppose -u + 2*u - 71 = y. What is the remainder when u is divided by 12?
11
Let i = -3 + 14. Calculate the remainder when 43 is divided by i.
10
Let o be -3*(-4)/90 + 4128/90. Let v = 60 - o. Let h = -12 - -20. What is the remainder when v is divided by h?
6
Let v = 8 - 49. Let o = 90 + v. Calculate the remainder when o is divided by (-2)/(-4) + 50/4.
10
Suppose 5*o - a = 630, -o - 376 = -4*o + a. Let z = o - 87. Let g = 453 - 439. What is the remainder when z is divided by g?
12
Let d be 182/(-63)*6 + 2/(-3). Let r = 4 - d. What is the remainder when 41 is divided by r?
19
Let h be (1 + 2)*(-3 - -4). Suppose -h*v + 2*v + 17 = -o, -5*o = 20. What is the remainder when 36 is divided by v?
10
Suppose -3*r + 126 = 3*y, 0 = -r - 3*y + 21 + 23. What is the remainder when r is divided by (-2)/(-6)*(34 - 1)?
8
Let w(v) = -v**2 + 41*v + 313. What is the remainder when w(47) is divided by -2 + (-6 - -3)*-4?
1
Suppose 4*c - 779 = 3*a, -c + 8*a = 5*a - 188. Calculate the remainder when c is divided by 40.
37
Let b = 74 - 68. Suppose h + x = 27, 3*x + 17 = h - x. Suppose 3*o - 4*p = 8*o - 16, 5*p + h = 5*o. What is the remainder when b is divided by o?
2
Suppose 2*p = 4*p - 344. Let a = p + -144. Calculate the remainder when a is divided by 20.
8
Let d(n) be the third derivative of n**6/120 + n**5/30 - n**4/6 - 2*n**3/3 - n**2. Suppose 6*g - 50 = g. What is the remainder when g is divided by d(-2)?
2
Suppose 3*r - 120 = -7*r. What is the remainder when (-1112)/(-20) - (-1 + 8/5) is divided by r?
7
Suppose 3*v + 15 = 8*v. Suppose 0 = -q + v*q - 36. Suppose -490*g - 5467 = -567*g. Calculate the remainder when g is divided by q.
17
Let a(u) = u**3 + 276*u - 8*u**2 - 5 + 21 + 19*u**2 - 275*u. What is the remainder when 12 is divided by a(-11)?
2
Let z(c) be the third derivative of c**6/120 + 2*c**5/15 - c**4/2 - 11*c**3/6 - 26*c**2. What is the remainder when 29 is divided by z(-9)?
13
Let y(h) = -2*h**3 - 2*h**2 - 2*h + 332. Calculate the remainder when y(0) is divided by 84.
80
Let a(j) = -j**3 + 22*j**2 - 20*j + 9. Let t be a(21). Let l = t + -11. Calculate the remainder when 112 is divided by l.
17
Let b(i) = 9 - i + 4 + 4. Calculate the remainder when 42 is divided by b(-5).
20
Let v be 5/(-10) + 5/2. Suppose -3*z = -5*b + 1 + v, 5*b + 4*z = -4. Suppose u - 5*u + 32 = b. Calculate the remainder when 30 is divided by u.
6
Suppose c + 36 = 5*j + 45, -107 = -3*c - j. Calculate the remainder when 100 is divided by c.
32
Let h = 83 - 36. Let u(f) = 2*f**3 - 2*f**2 + 2*f - 3. Let o be u(2). Suppose l + o = 25. Calculate the remainder when h is divided by l.
15
Let r(u) = 11*u - 71. What is the remainder when 154 is divided by r(10)?
37
Let n(h) = -2*h**2 - 56*h + 56. Calculate the remainder when 62 is divided by n(-28).
6
Suppose 0 = -37*n + 36*n + 55. Suppose 65 = 4*c - 63. Calculate the remainder when 1 + (0 + n - -6) is divided by c.
30
Suppose 4*p - 54 - 118 = 0. Suppose -5*k + p = -47. Calculate the remainder when 123 is divided by k.
15
Let t(q) = q**2 + 19*q + 65. Let c be t(-14). Let a(g) = -g**2 - 10*g - 15. Calculate the remainder when 55 is divided by a(c).
5
Let b be (1 + 0)/(6/12). Let w = 10 - b. Suppose -2*r + 29 - 1 = 0. Calculate the remain